54 is divided by 12.
10
Calculate the remainder when 6898 is divided by 69.
67
What is the remainder when 773 is divided by 167?
105
Calculate the remainder when 75 is divided by 8.
3
Calculate the remainder when 56879 is divided by 240.
239
What is the remainder when 148 is divided by 32?
20
What is the remainder when 186 is divided by 8?
2
What is the remainder when 23 is divided by 12?
11
What is the remainder when 330 is divided by 94?
48
Calculate the remainder when 19 is divided by 14.
5
What is the remainder when 28 is divided by 20?
8
What is the remainder when 149 is divided by 31?
25
What is the remainder when 427 is divided by 87?
79
What is the remainder when 126 is divided by 29?
10
What is the remainder when 400 is divided by 199?
2
Calculate the remainder when 54 is divided by 10.
4
What is the remainder when 311 is divided by 9?
5
What is the remainder when 1919 is divided by 306?
83
Calculate the remainder when 20518 is divided by 114.
112
Calculate the remainder when 933 is divided by 41.
31
Calculate the remainder when 69 is divided by 15.
9
Calculate the remainder when 162 is divided by 82.
80
What is the remainder when 70 is divided by 58?
12
What is the remainder when 14 is divided by 14?
0
Calculate the remainder when 639 is divided by 27.
18
Calculate the remainder when 22357 is divided by 215.
212
What is the remainder when 2716 is divided by 227?
219
What is the remainder when 416 is divided by 184?
48
What is the remainder when 343 is divided by 37?
10
What is the remainder when 931 is divided by 179?
36
What is the remainder when 268 is divided by 102?
64
Calculate the remainder when 2956 is divided by 67.
8
What is the remainder when 691 is divided by 141?
127
Calculate the remainder when 69 is divided by 34.
1
Calculate the remainder when 413 is divided by 52.
49
What is the remainder when 1904 is divided by 58?
48
Calculate the remainder when 17 is divided by 10.
7
What is the remainder when 1525 is divided by 15?
10
Calculate the remainder when 823 is divided by 119.
109
What is the remainder when 64 is divided by 18?
10
Calculate the remainder when 2251 is divided by 47.
42
What is the remainder when 83 is divided by 3?
2
What is the remainder when 190 is divided by 33?
25
What is the remainder when 2302 is divided by 67?
24
Calculate the remainder when 7470 is divided by 37.
33
Calculate the remainder when 231 is divided by 81.
69
Calculate the remainder when 210 is divided by 55.
45
Calculate the remainder when 7550 is divided by 7.
4
Calculate the remainder when 247 is divided by 52.
39
Calculate the remainder when 382 is divided by 24.
22
Calculate the remainder when 4127 is divided by 101.
87
Calculate the remainder when 315 is divided by 29.
25
Calculate the remainder when 78 is divided by 71.
7
What is the remainder when 161 is divided by 81?
80
Calculate the remainder when 23 is divided by 16.
7
What is the remainder when 558 is divided by 51?
48
Calculate the remainder when 11 is divided by 6.
5
Calculate the remainder when 620 is divided by 88.
4
What is the remainder when 385 is divided by 23?
17
Calculate the remainder when 977 is divided by 6.
5
What is the remainder when 209 is divided by 22?
11
Calculate the remainder when 479 is divided by 6.
5
Calculate the remainder when 240 is divided by 12.
0
Calculate the remainder when 409 is divided by 195.
19
Calculate the remainder when 4100 is divided by 124.
8
What is the remainder when 479 is divided by 49?
38
Calculate the remainder when 74508 is divided by 153.
150
What is the remainder when 136 is divided by 61?
14
Calculate the remainder when 861 is divided by 48.
45
Calculate the remainder when 277 is divided by 133.
11
What is the remainder when 952 is divided by 87?
82
What is the remainder when 390 is divided by 151?
88
Calculate the remainder when 38 is divided by 26.
12
What is the remainder when 56 is divided by 29?
27
What is the remainder when 463 is divided by 94?
87
What is the remainder when 381 is divided by 26?
17
What is the remainder when 67 is divided by 15?
7
Calculate the remainder when 933 is divided by 72.
69
Calculate the remainder when 9219 is divided by 1024.
3
Calculate the remainder when 161 is divided by 58.
45
What is the remainder when 437 is divided by 55?
52
What is the remainder when 31 is divided by 10?
1
Calculate the remainder when 5 is divided by 5.
0
What is the remainder when 28 is divided by 18?
10
Calculate the remainder when 1662 is divided by 9.
6
Calculate the remainder when 1330 is divided by 71.
52
What is the remainder when 160 is divided by 9?
7
Calculate the remainder when 6673 is divided by 20.
13
Calculate the remainder when 724 is divided by 25.
24
What is the remainder when 204 is divided by 56?
36
Calculate the remainder when 44692 is divided by 39.
37
Calculate the remainder when 444 is divided by 237.
207
What is the remainder when 551 is divided by 68?
7
Calculate the remainder when 1080 is divided by 55.
35
What is the remainder when 36 is divided by 3?
0
Calculate the remainder when 8662 is divided by 114.
112
Calculate the remainder when 262 is divided by 122.
18
What is the remainder when 1079 is divided by 90?
89
What is the remainder when 343 is divided by 182?
161
What is the remainder when 2554 is divided by 98?
6
Calculate the remainder when 699 is divided by 228.
15
What is the remainder when 126 is divided by 55?
16
Calculate the remainder when 108 is divided by 2.
0
What is the remainder when 117 is divided by 109?
8
What is the remainder when 897 is divided by 41?
36
What is the remainder when 140 is divided by 125?
15
What is the remainder when 944 is divided by 233?
12
Calculate the remainder when 767 is divided by 128.
127
Calculate the remainder when 168 is divided by 34.
32
What is the remainder when 366 is divided by 92?
90
What is the remainder when 118 is divided by 16?
6
What is the remainder when 5276 is divided by 132?
128
What is the remainder when 10015 is divided by 189?
187
What is the remainder when 44 is divided by 25?
19
Calculate the remainder when 438 is divided by 119.
81
What is the remainder when 446 is divided by 153?
140
Calculate the remainder when 319 is divided by 34.
13
Calculate the remainder when 3260 is divided by 64.
60
Calculate the remainder when 289 is divided by 29.
28
What is the remainder when 265 is divided by 38?
37
Calculate the remainder when 91 is divided by 81.
10
What is the remainder when 170 is divided by 19?
18
Calculate the remainder when 56 is divided by 19.
18
Calculate the remainder when 1300 is divided by 14.
12
Calculate the remainder when 412 is divided by 42.
34
What is the remainder when 528 is divided by 231?
66
Calculate the remainder when 873 is divided by 101.
65
What is the remainder when 95 is divided by 14?
11
What is the remainder when 1197 is divided by 60?
57
Calculate the remainder when 310 is divided by 103.
1
What is the remainder when 1792 is divided by 99?
10
What is the remainder when 3526 is divided by 28?
26
What is the remainder when 9 is divided by 2?
1
Calculate the remainder when 474 is divided by 60.
54
What is the remainder when 224 is divided by 58?
50
What is the remainder when 810 is divided by 171?
126
Calculate the remainder when 590 is divided by 118.
0
What is the remainder when 105 is divided by 9?
6
Calculate the remainder when 89 is divided by 27.
8
Calculate the remainder when 10 is divided by 10.
0
Calculate the remainder when 319 is divided by 305.
14
Calculate the remainder when 229 is divided by 58.
55
What is the remainder when 189 is divided by 64?
61
What is the remainder when 112 is divided by 2?
0
Calculate the remainder when 660 is divided by 200.
60
What is the remainder when 475 is divided by 2?
1
Calculate the remainder when 5769 is divided by 75.
69
Calculate the remainder when 432 is divided by 150.
132
Calculate the remainder when 2057 is divided by 14.
13
What is the remainder when 69 is divided by 21?
6
What is the remainder when 195 is divided by 18?
15
What is the remainder when 3179 is divided by 30?
29
Calculate the remainder when 96 is divided by 7.
5
Calculate the remainder when 1390 is divided by 24.
22
What is the remainder when 14 is divided by 4?
2
What i